5) to base 2.
-10110001011
What is -49486 (base 10) in base 8?
-140516
Convert -41634 (base 7) to base 6.
-115310
Convert 2ac (base 15) to base 3.
211200
Convert 4811 (base 11) to base 3.
22122111
Convert -fe (base 16) to base 11.
-211
-2040 (base 15) to base 4
-1222122
Convert 334114 (base 6) to base 7.
145000
What is 15dbd (base 14) in base 13?
1bc74
What is -1a1 (base 11) in base 10?
-232
What is 2984 (base 13) in base 10?
6023
659 (base 10) to base 5
10114
Convert -11226 (base 8) to base 2.
-1001010010110
13d (base 16) to base 10
317
10522 (base 8) to base 13
2031
Convert -100110111101110 (base 2) to base 3.
-1000100220
Convert 11808 (base 9) to base 15.
254b
Convert -1120 (base 13) to base 3.
-10021121
-23010 (base 5) to base 12
-b3a
What is 764 (base 8) in base 7?
1313
What is 1152 (base 7) in base 10?
429
1e5 (base 15) to base 6
2012
What is e9e (base 16) in base 3?
12010121
What is 206033 (base 7) in base 2?
1000101101110000
Convert -a373 (base 12) to base 16.
-4587
Convert 224 (base 9) to base 2.
10111000
Convert -113510 (base 6) to base 13.
-4680
What is 21223013 (base 4) in base 15?
bb18
-1012011200 (base 3) to base 15
-6e39
Convert 3925a (base 12) to base 8.
230446
Convert 5551 (base 6) to base 2.
10100001011
102324 (base 7) to base 9
26200
1103 (base 4) to base 10
83
365 (base 9) to base 12
212
What is -1001011001000 (base 2) in base 9?
-6532
10032 (base 5) to base 12
456
-2234 (base 12) to base 10
-3784
What is 412 (base 9) in base 6?
1315
What is -8532 (base 10) in base 14?
-3176
Convert -11325 (base 6) to base 13.
-98c
-342031 (base 5) to base 6
-132113
What is 1100010100100 (base 2) in base 12?
3798
Convert -54442 (base 6) to base 13.
-3560
2211300 (base 5) to base 11
26881
23433 (base 5) to base 12
1013
661 (base 14) to base 7
3451
-13a8 (base 13) to base 15
-c97
What is 10413 (base 7) in base 5?
40412
Convert 10100110000011 (base 2) to base 6.
121111
Convert 220122 (base 3) to base 5.
10130
What is 17bc (base 13) in base 16?
dcf
Convert -210555 (base 6) to base 3.
-212101222
b4c (base 14) to base 6
14144
What is 6258 (base 10) in base 9?
8523
What is -3c0 (base 15) in base 4?
-31113
What is -150 (base 6) in base 16?
-42
What is -751 (base 8) in base 15?
-229
180 (base 11) to base 12
155
-41a2 (base 13) to base 14
-3453
Convert -468 (base 16) to base 3.
-1112210
What is 401143 (base 5) in base 8?
30601
Convert 1045 (base 9) to base 6.
3322
754 (base 12) to base 10
1072
-2041 (base 6) to base 3
-121221
Convert 41a3 (base 11) to base 6.
41422
-3207 (base 8) to base 9
-2256
-3691 (base 10) to base 16
-e6b
-23010 (base 5) to base 15
-73a
Convert -879 (base 12) to base 16.
-4dd
What is 1100101001 (base 2) in base 13?
4a3
-297a6 (base 13) to base 8
-230606
What is -7bd (base 15) in base 8?
-3331
What is -1001001 (base 3) in base 15?
-357
Convert -218 (base 10) to base 14.
-118
Convert -10000101100 (base 2) to base 14.
-564
What is -2aa8 (base 14) in base 10?
-7596
What is -1353 (base 8) in base 2?
-1011101011
-236333 (base 7) to base 14
-1198a
8159 (base 13) to base 3
220102222
What is 217 (base 15) in base 11?
39a
Convert 63 (base 16) to base 11.
90
-35b (base 14) to base 16
-29d
What is 5281 (base 11) in base 8?
15512
-455 (base 10) to base 6
-2035
13233 (base 7) to base 9
4776
-167522 (base 8) to base 4
-32331102
Convert 12120201 (base 3) to base 16.
fe5
-44526 (base 7) to base 11
-849a
33317 (base 9) to base 10
22129
Convert -1244b (base 14) to base 10.
-44755
What is 1001010110100100 (base 2) in base 7?
216454
-14383 (base 11) to base 15
-60b4
Convert -62632 (base 10) to base 2.
-1111010010101000
What is -211a (base 11) in base 4?
-223310
a09 (base 11) to base 12
857
What is -1251 (base 8) in base 11?
-56a
What is 6 (base 7) in base 8?
6
What is 100 (base 14) in base 2?
11000100
-dd6 (base 14) to base 6
-20400
Convert -50035 (base 9) to base 8.
-100105
What is -1101000101010011 (base 2) in base 15?
-10d27
-131661 (base 7) to base 14
-8dd8
Convert 2202210 (base 5) to base 11.
26449
Convert 120201 (base 3) to base 6.
1544
What is -150d (base 15) in base 13?
-2092
What is -61 (base 16) in base 2?
-1100001
11700 (base 10) to base 14
439a
Convert -101100110110 (base 2) to base 16.
-b36
Convert -4041 (base 14) to base 3.
-120010122
What is -8ac (base 15) in base 9?
-2620
18770 (base 12) to base 4
20231010
-18759 (base 10) to base 16
-4947
-331244 (base 6) to base 11
-1975a
Convert -22020322 (base 4) to base 15.
-c48a
What is 12301 (base 4) in base 10?
433
33101 (base 4) to base 14
4db
286 (base 16) to base 11
538
-531 (base 14) to base 12
-713
What is 21383 (base 9) in base 14?
5241
-38645 (base 9) to base 7
-135632
What is -4007 (base 9) in base 15?
-ced
-c9e (base 15) to base 12
-1795
-5675 (base 11) to base 13
-3521
Convert 1000111100 (base 2) to base 14.
2cc
Convert -3134 (base 10) to base 6.
-22302
What is -31564 (base 8) in base 4?
-3031310
1491 (base 12) to base 7
10015
-43b4 (base 12) to base 4
-1310320
Convert 2907 (base 11) to base 10.
3758
Convert 87 (base 11) to base 3.
10112
What is 202011112 (base 3) in base 12?
8612
-2020102 (base 3) to base 11
-1253
What is 21012220 (base 3) in base 7?
21225
What is -2152 (base 6) in base 12?
-358
Convert 23bf (base 16) to base 8.
21677
Convert -c9a9 (base 15) to base 9.
-64486
What is 213222 (base 4) in base 13?
1203
What is 11242 (base 10) in base 2?
10101111101010
12100 (base 3) to base 13
b1
-2003322 (base 4) to base 12
-4a76
What is 110011111010101 (base 2) in base 15?
7d21
Convert -681 (base 9) to base 8.
-1057
Convert 33a6 (base 13) to base 6.
53254
What is -100100010 (base 2) in base 10?
-290
-5a35 (base 11) to base 15
-251d
-62 (base 16) to base 3
-10122
Convert -244 (base 12) to base 7.
-664
What is -1e18 (base 16) in base 7?
-31314
Convert -336 (base 8) to base 10.
-222
-801 (base 11) to base 13
-597
What is -5ec (base 15) in base 10?
-1347
What is 2211102 (base 3) in base 5?
31223
-21432 (base 5) to base 15
-697
Convert 201023 (base 6) to base 15.
4a23
Convert 4421 (base 5) to base 15.
2ab
Convert -12544 (base 7) to base 14.
-1324
What is -14402 (base 7) in base 8?
-7603
Convert 13a4 (base 14) to base 3.
11202202
17 (base 14) to base 6
33
561 (base 8) to base 2
101110001
Convert -1235 (base 15) to base 14.
-15ab
111112202 (base 3) to base 4
2122103
What is -2103233 (base 4) in base 2?
-10010011101111
-5147 (base 10) to base 14
-1c39
310221 (base 4) to base 10
3369
-653 (base 10) to base 4
-22031
What is -2446 (base 7) in base 15?
-411
What is -246 (base 9) in base 15?
-d9
Convert 122021222 (base 3) to base 5.
400413
What is -1031010 (base 4) in base 6?
-34500
Convert -15688 (base 13) to base 16.
-9ee0
What is -10983 (base 11) in base 16?
-3dcd
Convert 441 (base 6) to base 8.
251
Convert 11000011100 (base 2) to base 5.
22224
103151 (base 6) to base 2
10000100101011
What is 2121020 (base 3) in base 15?
866
What is 222 (base 7) in base 12?
96
a408 (base 11) to base 8
32752
What is 133 (base 9) in base 3?
11010
Convert 9001 (base 10) to base 8.
21451
Convert -40325 (base 7) to base 6.
-113122
Convert -236242 (base 7) to base 15.
-cb1d
440510 (base 6) to base 4
20321322
1239 (base 16) to base 13
217b
What is -9693 (base 11) in base 6?
-135143
12603 (base 7) to base 11
25a7
a9 (base 12) to base 10
129
-21313 (base 4) to base 3
-212101
-43 (base 16) to base 6
-151
Convert -104142 (base 5) to base 11.
-2839
258 (base 9) to base 6
555
-11001010 (base 2) to base 13
-127
-321 (base 16) to base 14
-413
1370 (base 10) to base 8
2532
2020002100 (base 3) to base 2
1010101100011011
-15536 (base 9) to base 15
-3249
Convert 3ec (base 15) to base 14.
481
What is -a35 (base 15) in base 7?
-6464
What is -5160 (base 9) in base 11?
-2927
2443 (base 11) to base 4
301321
-12b (base 12) to base 9
-218
Convert 12121 (base 4) to base 6.
1521
-2101122 (base 3) to base 8
-3321
What is -354c (base 15) in base 5?
-330242
What is 1247 (base 8) in base 4?
22213
Convert -450 (base 16) to base 9.
-1456
-5a06 (base 15) to base 8
-45273
Convert 3670 (base 8) to base 2.
11110111000
1658 (base 11) to base 10
2120
What is -70732 (base 8) in base 12?
-14a4a
2020001 (base 3) to base 5
22441
Convert 1321 (base 4) to base 11.
100
What is 541441 (base 6) in base 4?
22312201
What is 102011022 (base 3) in base 9?
